{"id":83,"date":"2024-02-12T17:17:05","date_gmt":"2024-02-12T16:17:05","guid":{"rendered":"https:\/\/colectivoantipirateria.org\/?page_id=83"},"modified":"2024-02-19T17:14:43","modified_gmt":"2024-02-19T16:14:43","slug":"codigo-organico-de-la-economia-social-de-los-conocimientos-coescci","status":"publish","type":"page","link":"https:\/\/colectivoantipirateria.org\/index.php\/codigo-organico-de-la-economia-social-de-los-conocimientos-coescci\/","title":{"rendered":"C\u00d3DIGO ORG\u00c1NICO DE LA ECONOM\u00cdA SOCIAL DE LOS CONOCIMIENTOS, COESCCI"},"content":{"rendered":"<p>[et_pb_section fb_built=&#8221;1&#8243; _builder_version=&#8221;4.17.4&#8243; _module_preset=&#8221;default&#8221; background_enable_image=&#8221;off&#8221; parallax=&#8221;on&#8221; background_enable_pattern_style=&#8221;on&#8221; background_pattern_style=&#8221;smiles&#8221; background_pattern_color=&#8221;rgba(0,0,0,0.02)&#8221; custom_margin=&#8221;0px||0px||true|false&#8221; custom_padding=&#8221;80px||80px||true|false&#8221; global_colors_info=&#8221;{}&#8221;][et_pb_row _builder_version=&#8221;4.17.4&#8243; _module_preset=&#8221;default&#8221; max_width=&#8221;80%&#8221; custom_padding=&#8221;|||0%|false|false&#8221; animation_style=&#8221;fold&#8221; animation_direction=&#8221;left&#8221; border_width_bottom=&#8221;5px&#8221; border_color_bottom=&#8221;#143D3C&#8221; global_colors_info=&#8221;{}&#8221;][et_pb_column type=&#8221;4_4&#8243; _builder_version=&#8221;4.17.4&#8243; _module_preset=&#8221;default&#8221; global_colors_info=&#8221;{}&#8221;][et_pb_text _builder_version=&#8221;4.17.4&#8243; _module_preset=&#8221;default&#8221; header_text_color=&#8221;#00A79F&#8221; header_font_size=&#8221;65px&#8221; hover_enabled=&#8221;0&#8243; global_colors_info=&#8221;{}&#8221; header_font_size_last_edited=&#8221;on|phone&#8221; header_font_size_phone=&#8221;60px&#8221; sticky_enabled=&#8221;0&#8243; header_font_size_tablet=&#8221;65px&#8221;]<\/p>\n<h1>C\u00d3DIGO ORG\u00c1NICO DE LA ECONOM\u00cdA SOCIAL DE LOS CONOCIMIENTOS, COESCCI<\/h1>\n<p>[\/et_pb_text][\/et_pb_column][\/et_pb_row][et_pb_row _builder_version=&#8221;4.17.4&#8243; _module_preset=&#8221;default&#8221; max_width=&#8221;80%&#8221; custom_padding=&#8221;60px|||||&#8221; global_colors_info=&#8221;{}&#8221;][et_pb_column type=&#8221;4_4&#8243; _builder_version=&#8221;4.17.4&#8243; _module_preset=&#8221;default&#8221; global_colors_info=&#8221;{}&#8221;][et_pb_text _builder_version=&#8221;4.17.4&#8243; _module_preset=&#8221;default&#8221; text_text_color=&#8221;#474747&#8243; text_font_size=&#8221;20px&#8221; text_line_height=&#8221;1.8em&#8221; ol_text_align=&#8221;justify&#8221; ol_font_size=&#8221;18px&#8221; text_orientation=&#8221;justified&#8221; hover_enabled=&#8221;0&#8243; global_colors_info=&#8221;{}&#8221; text_font=&#8221;Montserrat||||||||&#8221; sticky_enabled=&#8221;0&#8243;]<\/p>\n<p><strong>Art. 4.-Principios.-<\/strong>Para la aplicaci\u00f3n de las disposiciones contenidas en el presente C\u00f3digo, se observar\u00e1n los siguientes principios: [\u2026]<\/p>\n<ol>\n<li style=\"list-style-type: none;\">\n<ol start=\"2\">\n<ol start=\"2\">\n<li><strong><\/strong> Los derechos intelectuales son una herramienta para la adecuada gesti\u00f3n de los conocimientos. La adquisici\u00f3n y ejercicio de los derechos de propiedad intelectual asegurar\u00e1n un equilibrio entre titulares y usuarios. Adem\u00e1s de las limitaciones y excepciones previstas en este C\u00f3digo, el Estado podr\u00e1 adoptar las medidas necesarias para garantizar la salud, nutrici\u00f3n, educaci\u00f3n, cultura, el desarrollo cient\u00edfico y tecnol\u00f3gico, la innovaci\u00f3n y la transferencia y difusi\u00f3n tecnol\u00f3gica como sectores de importancia vital para el desarrollo socioecon\u00f3mico y tecnol\u00f3gico del pa\u00eds. Nada de lo previsto en este C\u00f3digo podr\u00e1 interpretarse de forma contraria a los principios, derechos y obligaciones establecidos en los Tratados Internacionales de los que Ecuador es parte, como parte integrante de nuestro ordenamiento jur\u00eddico; [\u2026]<\/li>\n<li>La creatividad es consustancial a las personas y representa un elemento trascendental para la econom\u00eda social de los conocimientos, la creatividad y la innovaci\u00f3n. El Estado deber\u00e1 reconocer, proteger e incentivar la creatividad como mecanismo fundamental de soluci\u00f3n de problemas, satisfacci\u00f3n de necesidades de la sociedad y la realizaci\u00f3n individual en interrelaci\u00f3n con la investigaci\u00f3n responsable, la innovaci\u00f3n social y los conocimientos tradicionales; [\u2026]<\/li>\n<\/ol>\n<\/ol>\n<ol start=\"2\"><\/ol>\n<\/li>\n<\/ol>\n<p><strong>Art. 89.-Tipolog\u00eda de la propiedad intelectual.-<\/strong>Los derechos de propiedad intelectual comprenden principalmente a los derechos de autor y derechos conexos, la propiedad industrial y las obtenciones vegetales.<\/p>\n<p><strong>Art. 100.-Reconocimiento y concesi\u00f3n de los derechos.-<\/strong>Se reconocen, conceden y protegen los derechos de los autores y los derechos de los dem\u00e1s titulares sobre sus obras, as\u00ed como los derechos de los artistas int\u00e9rpretes o ejecutantes, productores de fonogramas y organismos de radiodifusi\u00f3n, en los t\u00e9rminos del presente T\u00edtulo.<\/p>\n<p><strong>Art. 102.-De los derechos de autor.-<\/strong>Los derechos de autor nacen y se protegen por el solo hecho de la creaci\u00f3n de la obra.<\/p>\n<p>La protecci\u00f3n de los derechos de autor se otorga sin consideraci\u00f3n del g\u00e9nero, m\u00e9rito, finalidad, destino o modo de expresi\u00f3n de la obra.<\/p>\n<p>Queda protegida exclusivamente la forma mediante la cual las ideas del autor son descritas, explicadas, ilustradas o incorporadas a las obras. Sin embargo, si una idea s\u00f3lo tiene una forma \u00fanica de expresi\u00f3n, dicha forma no quedar\u00e1 sujeta a protecci\u00f3n.<\/p>\n<p>No son objeto de protecci\u00f3n las ideas contenidas en las obras literarias y art\u00edsticas, el contenido ideol\u00f3gico o t\u00e9cnico de las obras cient\u00edficas, ni su aprovechamiento industrial o comercial. Tampoco son objeto de protecci\u00f3n los procedimientos, m\u00e9todos de operaci\u00f3n o conceptos matem\u00e1ticos en s\u00ed.<\/p>\n<p><strong>Art. 104.-Obras susceptibles de protecci\u00f3n.-<\/strong>La protecci\u00f3n reconocida por el presente T\u00edtulo recae sobre todas las obras literarias, art\u00edsticas y cient\u00edficas, que sean originales y que puedan reproducirse o divulgarse por cualquier forma o medio conocido o por conocerse. Las obras susceptibles de protecci\u00f3n comprenden, entre otras, las siguientes:<\/p>\n<ol>\n<li style=\"list-style-type: none;\">\n<ol>\n<li>Las obras expresadas en libros, folletos, impresos, epistolarios, art\u00edculos, novelas, cuentos, poemas, cr\u00f3nicas, cr\u00edticas, ensayos, misivas, guiones para teatro, cinematograf\u00eda, televisi\u00f3n, conferencias, discursos, lecciones, sermones, alegatos en derecho, memorias y otras obras de similar naturaleza, expresadas en cualquier forma;<\/li>\n<li>Colecciones de obras, tales como enciclopedias, antolog\u00edas o compilaciones y bases de datos de toda clase, que por la selecci\u00f3n o disposici\u00f3n de las materias constituyan creaciones intelectuales originales, sin perjuicio de los derechos que subsistan sobre las obras, materiales, informaci\u00f3n o datos;<\/li>\n<li>Obras dram\u00e1ticas y dram\u00e1tico musicales, las coreograf\u00edas, las pantomimas y, en general las obras teatrales;<\/li>\n<li>Composiciones musicales con o sin letra;<\/li>\n<li>Obras cinematogr\u00e1ficas y otras obras audiovisuales;<\/li>\n<li>Las esculturas y las obras de pintura, dibujo, grabado, litograf\u00eda y las historietas gr\u00e1ficas, tebeos, c\u00f3mics, as\u00ed como sus ensayos o bocetos y las dem\u00e1s obras pl\u00e1sticas;<\/li>\n<li>Proyectos, planos, maquetas y dise\u00f1os de obras arquitect\u00f3nicas y de ingenier\u00eda;<\/li>\n<li>Ilustraciones, gr\u00e1ficos, mapas, croquis y dise\u00f1os relativos a la geograf\u00eda, la topograf\u00eda y, en general, a la ciencia;<\/li>\n<li>Obras fotogr\u00e1ficas y las expresadas por procedimientos an\u00e1logos a la fotograf\u00eda;<\/li>\n<li>Obras de arte aplicado, en la medida en que su valor art\u00edstico pueda ser disociado del car\u00e1cter industrial de los objetos a los cuales est\u00e9n incorporadas;<\/li>\n<li>Obras remezcladas, siempre que, por la combinaci\u00f3n de sus elementos, constituyan una creaci\u00f3n intelectual original; y,<\/li>\n<li>Software.<\/li>\n<\/ol>\n<\/li>\n<\/ol>\n<p><strong>Art. 364.-Derecho al uso exclusivo de una marca.-<\/strong>El derecho al uso exclusivo de una marca se adquirir\u00e1 por su registro ante la autoridad nacional competente en materia de derechos intelectuales. La marca debe utilizarse tal cual fue registrada. S\u00f3lo se admitir\u00e1n variaciones en elementos que no alteren el car\u00e1cter distintivo del signo registrado.<\/p>\n<p><strong>Art. 359.-Registro de marca.-<\/strong>Se entender\u00e1 por marca cualquier signo que sea apto para distinguir productos o servicios en el mercado. Podr\u00e1n registrarse como marcas los signos que sean susceptibles de representaci\u00f3n gr\u00e1fica.<\/p>\n<p>La naturaleza del producto o servicio al cual se ha de aplicar una marca en ning\u00fan caso ser\u00e1 obst\u00e1culo para su registro.<\/p>\n<p>Podr\u00e1n constituir marcas, entre otros, los siguientes signos o medios:<\/p>\n<ol>\n<li style=\"list-style-type: none;\">\n<ol>\n<li>Las palabras o combinaci\u00f3n de palabras;<\/li>\n<li>Las im\u00e1genes, figuras, s\u00edmbolos, gr\u00e1ficos, logotipos, monogramas, retratos, etiquetas, emblemas y escudos;<\/li>\n<li>Los sonidos, olores y sabores;<\/li>\n<li>Las letras y los n\u00fameros;<\/li>\n<li>Un color delimitado por una forma o una combinaci\u00f3n de colores;<\/li>\n<li>La forma de los productos, sus envases o envolturas;<\/li>\n<li>Los relieves y texturas perceptibles por el sentido del tacto;<\/li>\n<li>Las animaciones, gestos y secuencias de movimientos;<\/li>\n<li>Los hologramas; y,<\/li>\n<li>Cualquier combinaci\u00f3n de los signos o medios indicados en los apartados anteriores.<\/li>\n<\/ol>\n<\/li>\n<\/ol>\n<p>Las marcas que identifiquen a instituciones del sector p\u00fablico, deber\u00e1n reflejar la identidad cognitiva y cultural del pa\u00eds o localidad seg\u00fan corresponda, de conformidad con lo establecido en el reglamento correspondiente. La decisi\u00f3n de cambio de estas marcas deber\u00e1 hacerse mediante decisi\u00f3n motivada de la m\u00e1xima autoridad, en el caso de los gobiernos aut\u00f3nomos descentralizados, ser\u00e1 necesario contar con la aprobaci\u00f3n del Consejo respectivo.<\/p>\n<p>La identidad cognitiva y cultural del pa\u00eds o localidad deber\u00e1 considerar entre otras cosas los colores de las banderas, escudos, emblemas nacionales o locales seg\u00fan corresponda.<\/p>\n<p><strong>Art. 471.-Materia protegible.<\/strong>-La protecci\u00f3n establecida en el presente T\u00edtulo se extiende a las variedades pertenecientes a todos los g\u00e9neros y especies vegetales siempre que su cultivo, posesi\u00f3n o utilizaci\u00f3n no se encuentre prohibido por razones de salud humana, animal o vegetal, soberan\u00eda alimentaria, seguridad alimentaria y seguridad ambiental.<\/p>\n<p>No se otorga protecci\u00f3n a las especies:<\/p>\n<ol>\n<li style=\"list-style-type: none;\">\n<ol>\n<li>En estado silvestre, natural o nativas;<\/li>\n<li>Que resulten de un mero descubrimiento, excepto las mutaciones, siempre y cuando se cumplan los pasos de mutaci\u00f3n natural, procesos de selecci\u00f3n y registro. En cualquier caso, deber\u00e1n cumplir con los requisitos de distintividad, homogeneidad y estabilidad; y,<\/li>\n<li>En las que exista o implique un proceso de mejoramiento vegetal derivado de la simple relaci\u00f3n simbi\u00f3tica de largo plazo entre la especie y el ser humano.<\/li>\n<\/ol>\n<\/li>\n<\/ol>\n<p>[\/et_pb_text][\/et_pb_column][\/et_pb_row][\/et_pb_section]<\/p>\n","protected":false},"excerpt":{"rendered":"<p>C\u00d3DIGO ORG\u00c1NICO DE LA ECONOM\u00cdA SOCIAL DE LOS CONOCIMIENTOS, COESCCIArt. 4.-Principios.-Para la aplicaci\u00f3n de las disposiciones contenidas en el presente C\u00f3digo, se observar\u00e1n los siguientes principios: [\u2026] Los derechos intelectuales son una herramienta para la adecuada gesti\u00f3n de los conocimientos. La adquisici\u00f3n y ejercicio de los derechos de propiedad intelectual asegurar\u00e1n un equilibrio entre titulares [&hellip;]<\/p>\n","protected":false},"author":1,"featured_media":0,"parent":0,"menu_order":0,"comment_status":"closed","ping_status":"closed","template":"","meta":{"_et_pb_use_builder":"on","_et_pb_old_content":"","_et_gb_content_width":"","footnotes":""},"_links":{"self":[{"href":"https:\/\/colectivoantipirateria.org\/index.php\/wp-json\/wp\/v2\/pages\/83"}],"collection":[{"href":"https:\/\/colectivoantipirateria.org\/index.php\/wp-json\/wp\/v2\/pages"}],"about":[{"href":"https:\/\/colectivoantipirateria.org\/index.php\/wp-json\/wp\/v2\/types\/page"}],"author":[{"embeddable":true,"href":"https:\/\/colectivoantipirateria.org\/index.php\/wp-json\/wp\/v2\/users\/1"}],"replies":[{"embeddable":true,"href":"https:\/\/colectivoantipirateria.org\/index.php\/wp-json\/wp\/v2\/comments?post=83"}],"version-history":[{"count":3,"href":"https:\/\/colectivoantipirateria.org\/index.php\/wp-json\/wp\/v2\/pages\/83\/revisions"}],"predecessor-version":[{"id":155,"href":"https:\/\/colectivoantipirateria.org\/index.php\/wp-json\/wp\/v2\/pages\/83\/revisions\/155"}],"wp:attachment":[{"href":"https:\/\/colectivoantipirateria.org\/index.php\/wp-json\/wp\/v2\/media?parent=83"}],"curies":[{"name":"wp","href":"https:\/\/api.w.org\/{rel}","templated":true}]}}

CÓDIGO ORGÁNICO DE LA ECONOMÍA SOCIAL DE LOS CONOCIMIENTOS, COESCCI

<p>[et_pb_section fb_built=&#8221;1&#8243; _builder_version=&#8221;4.17.4&#8243; _module_preset=&#8221;default&#8221; background_enable_image=&#8221;off&#8221; parallax=&#8221;on&#8221; background_enable_pattern_style=&#8221;on&#8221; background_pattern_style=&#8221;smiles&#8221; background_pattern_color=&#8221;rgba(0,0,0,0.02)&#8221; custom_margin=&#8221;0px||0px||true|false&#8221; custom_padding=&#8221;80px||80px||true|false&#8221; global_colors_info=&#8221;{}&#8221;][et_pb_row _builder_version=&#8221;4.17.4&#8243; _module_preset=&#8221;default&#8221; max_width=&#8221;80%&#8221; custom_padding=&#8221;|||0%|false|false&#8221; animation_style=&#8221;fold&#8221; animation_direction=&#8221;left&#8221; border_width_bottom=&#8221;5px&#8221; border_color_bottom=&#8221;#143D3C&#8221; global_colors_info=&#8221;{}&#8221;][et_pb_column type=&#8221;4_4&#8243; _builder_version=&#8221;4.17.4&#8243; _module_preset=&#8221;default&#8221; global_colors_info=&#8221;{}&#8221;][et_pb_text _builder_version=&#8221;4.17.4&#8243; _module_preset=&#8221;default&#8221; header_text_color=&#8221;#00A79F&#8221; header_font_size=&#8221;65px&#8221; hover_enabled=&#8221;0&#8243; global_colors_info=&#8221;{}&#8221; header_font_size_last_edited=&#8221;on|phone&#8221; header_font_size_phone=&#8221;60px&#8221; sticky_enabled=&#8221;0&#8243; header_font_size_tablet=&#8221;65px&#8221;]</p>
<h1>CÓDIGO ORGÁNICO DE LA ECONOMÍA SOCIAL DE LOS CONOCIMIENTOS, COESCCI</h1>
<p>[/et_pb_text][/et_pb_column][/et_pb_row][et_pb_row _builder_version=&#8221;4.17.4&#8243; _module_preset=&#8221;default&#8221; max_width=&#8221;80%&#8221; custom_padding=&#8221;60px|||||&#8221; global_colors_info=&#8221;{}&#8221;][et_pb_column type=&#8221;4_4&#8243; _builder_version=&#8221;4.17.4&#8243; _module_preset=&#8221;default&#8221; global_colors_info=&#8221;{}&#8221;][et_pb_text _builder_version=&#8221;4.17.4&#8243; _module_preset=&#8221;default&#8221; text_text_color=&#8221;#474747&#8243; text_font_size=&#8221;20px&#8221; text_line_height=&#8221;1.8em&#8221; ol_text_align=&#8221;justify&#8221; ol_font_size=&#8221;18px&#8221; text_orientation=&#8221;justified&#8221; hover_enabled=&#8221;0&#8243; global_colors_info=&#8221;{}&#8221; text_font=&#8221;Montserrat||||||||&#8221; sticky_enabled=&#8221;0&#8243;]</p>
<p><strong>Art. 4.-Principios.-</strong>Para la aplicación de las disposiciones contenidas en el presente Código, se observarán los siguientes principios: […]</p>
<ol>
<li style="list-style-type: none;">
<ol start="2">
<ol start="2">
<li><strong></strong> Los derechos intelectuales son una herramienta para la adecuada gestión de los conocimientos. La adquisición y ejercicio de los derechos de propiedad intelectual asegurarán un equilibrio entre titulares y usuarios. Además de las limitaciones y excepciones previstas en este Código, el Estado podrá adoptar las medidas necesarias para garantizar la salud, nutrición, educación, cultura, el desarrollo científico y tecnológico, la innovación y la transferencia y difusión tecnológica como sectores de importancia vital para el desarrollo socioeconómico y tecnológico del país. Nada de lo previsto en este Código podrá interpretarse de forma contraria a los principios, derechos y obligaciones establecidos en los Tratados Internacionales de los que Ecuador es parte, como parte integrante de nuestro ordenamiento jurídico; […]</li>
<li>La creatividad es consustancial a las personas y representa un elemento trascendental para la economía social de los conocimientos, la creatividad y la innovación. El Estado deberá reconocer, proteger e incentivar la creatividad como mecanismo fundamental de solución de problemas, satisfacción de necesidades de la sociedad y la realización individual en interrelación con la investigación responsable, la innovación social y los conocimientos tradicionales; […]</li>
</ol>
</ol>
<ol start="2"></ol>
</li>
</ol>
<p><strong>Art. 89.-Tipología de la propiedad intelectual.-</strong>Los derechos de propiedad intelectual comprenden principalmente a los derechos de autor y derechos conexos, la propiedad industrial y las obtenciones vegetales.</p>
<p><strong>Art. 100.-Reconocimiento y concesión de los derechos.-</strong>Se reconocen, conceden y protegen los derechos de los autores y los derechos de los demás titulares sobre sus obras, así como los derechos de los artistas intérpretes o ejecutantes, productores de fonogramas y organismos de radiodifusión, en los términos del presente Título.</p>
<p><strong>Art. 102.-De los derechos de autor.-</strong>Los derechos de autor nacen y se protegen por el solo hecho de la creación de la obra.</p>
<p>La protección de los derechos de autor se otorga sin consideración del género, mérito, finalidad, destino o modo de expresión de la obra.</p>
<p>Queda protegida exclusivamente la forma mediante la cual las ideas del autor son descritas, explicadas, ilustradas o incorporadas a las obras. Sin embargo, si una idea sólo tiene una forma única de expresión, dicha forma no quedará sujeta a protección.</p>
<p>No son objeto de protección las ideas contenidas en las obras literarias y artísticas, el contenido ideológico o técnico de las obras científicas, ni su aprovechamiento industrial o comercial. Tampoco son objeto de protección los procedimientos, métodos de operación o conceptos matemáticos en sí.</p>
<p><strong>Art. 104.-Obras susceptibles de protección.-</strong>La protección reconocida por el presente Título recae sobre todas las obras literarias, artísticas y científicas, que sean originales y que puedan reproducirse o divulgarse por cualquier forma o medio conocido o por conocerse. Las obras susceptibles de protección comprenden, entre otras, las siguientes:</p>
<ol>
<li style="list-style-type: none;">
<ol>
<li>Las obras expresadas en libros, folletos, impresos, epistolarios, artículos, novelas, cuentos, poemas, crónicas, críticas, ensayos, misivas, guiones para teatro, cinematografía, televisión, conferencias, discursos, lecciones, sermones, alegatos en derecho, memorias y otras obras de similar naturaleza, expresadas en cualquier forma;</li>
<li>Colecciones de obras, tales como enciclopedias, antologías o compilaciones y bases de datos de toda clase, que por la selección o disposición de las materias constituyan creaciones intelectuales originales, sin perjuicio de los derechos que subsistan sobre las obras, materiales, información o datos;</li>
<li>Obras dramáticas y dramático musicales, las coreografías, las pantomimas y, en general las obras teatrales;</li>
<li>Composiciones musicales con o sin letra;</li>
<li>Obras cinematográficas y otras obras audiovisuales;</li>
<li>Las esculturas y las obras de pintura, dibujo, grabado, litografía y las historietas gráficas, tebeos, cómics, así como sus ensayos o bocetos y las demás obras plásticas;</li>
<li>Proyectos, planos, maquetas y diseños de obras arquitectónicas y de ingeniería;</li>
<li>Ilustraciones, gráficos, mapas, croquis y diseños relativos a la geografía, la topografía y, en general, a la ciencia;</li>
<li>Obras fotográficas y las expresadas por procedimientos análogos a la fotografía;</li>
<li>Obras de arte aplicado, en la medida en que su valor artístico pueda ser disociado del carácter industrial de los objetos a los cuales estén incorporadas;</li>
<li>Obras remezcladas, siempre que, por la combinación de sus elementos, constituyan una creación intelectual original; y,</li>
<li>Software.</li>
</ol>
</li>
</ol>
<p><strong>Art. 364.-Derecho al uso exclusivo de una marca.-</strong>El derecho al uso exclusivo de una marca se adquirirá por su registro ante la autoridad nacional competente en materia de derechos intelectuales. La marca debe utilizarse tal cual fue registrada. Sólo se admitirán variaciones en elementos que no alteren el carácter distintivo del signo registrado.</p>
<p><strong>Art. 359.-Registro de marca.-</strong>Se entenderá por marca cualquier signo que sea apto para distinguir productos o servicios en el mercado. Podrán registrarse como marcas los signos que sean susceptibles de representación gráfica.</p>
<p>La naturaleza del producto o servicio al cual se ha de aplicar una marca en ningún caso será obstáculo para su registro.</p>
<p>Podrán constituir marcas, entre otros, los siguientes signos o medios:</p>
<ol>
<li style="list-style-type: none;">
<ol>
<li>Las palabras o combinación de palabras;</li>
<li>Las imágenes, figuras, símbolos, gráficos, logotipos, monogramas, retratos, etiquetas, emblemas y escudos;</li>
<li>Los sonidos, olores y sabores;</li>
<li>Las letras y los números;</li>
<li>Un color delimitado por una forma o una combinación de colores;</li>
<li>La forma de los productos, sus envases o envolturas;</li>
<li>Los relieves y texturas perceptibles por el sentido del tacto;</li>
<li>Las animaciones, gestos y secuencias de movimientos;</li>
<li>Los hologramas; y,</li>
<li>Cualquier combinación de los signos o medios indicados en los apartados anteriores.</li>
</ol>
</li>
</ol>
<p>Las marcas que identifiquen a instituciones del sector público, deberán reflejar la identidad cognitiva y cultural del país o localidad según corresponda, de conformidad con lo establecido en el reglamento correspondiente. La decisión de cambio de estas marcas deberá hacerse mediante decisión motivada de la máxima autoridad, en el caso de los gobiernos autónomos descentralizados, será necesario contar con la aprobación del Consejo respectivo.</p>
<p>La identidad cognitiva y cultural del país o localidad deberá considerar entre otras cosas los colores de las banderas, escudos, emblemas nacionales o locales según corresponda.</p>
<p><strong>Art. 471.-Materia protegible.</strong>-La protección establecida en el presente Título se extiende a las variedades pertenecientes a todos los géneros y especies vegetales siempre que su cultivo, posesión o utilización no se encuentre prohibido por razones de salud humana, animal o vegetal, soberanía alimentaria, seguridad alimentaria y seguridad ambiental.</p>
<p>No se otorga protección a las especies:</p>
<ol>
<li style="list-style-type: none;">
<ol>
<li>En estado silvestre, natural o nativas;</li>
<li>Que resulten de un mero descubrimiento, excepto las mutaciones, siempre y cuando se cumplan los pasos de mutación natural, procesos de selección y registro. En cualquier caso, deberán cumplir con los requisitos de distintividad, homogeneidad y estabilidad; y,</li>
<li>En las que exista o implique un proceso de mejoramiento vegetal derivado de la simple relación simbiótica de largo plazo entre la especie y el ser humano.</li>
</ol>
</li>
</ol>
<p>[/et_pb_text][/et_pb_column][/et_pb_row][/et_pb_section]</p>

<p>CÓDIGO ORGÁNICO DE LA ECONOMÍA SOCIAL DE LOS CONOCIMIENTOS, COESCCIArt. 4.-Principios.-Para la aplicación de las disposiciones contenidas en el presente Código, se observarán los siguientes principios: […] Los derechos intelectuales son una herramienta para la adecuada gestión de los conocimientos. La adquisición y ejercicio de los derechos de propiedad intelectual asegurarán un equilibrio entre titulares [&hellip;]</p>
