{"id":327,"date":"2025-09-19T21:40:50","date_gmt":"2025-09-19T19:40:50","guid":{"rendered":"https:\/\/colectivoantipirateria.org\/?page_id=327"},"modified":"2025-09-20T01:00:43","modified_gmt":"2025-09-19T23:00:43","slug":"327-2","status":"publish","type":"page","link":"https:\/\/colectivoantipirateria.org\/index.php\/327-2\/","title":{"rendered":"CONVENIO DE BERNA PARA PROTECCI\u00d3N DE OBRAS LITERARIAS Y ART\u00cdSTICAS &#8211; PE"},"content":{"rendered":"<p>[et_pb_section fb_built=&#8221;1&#8243; _builder_version=&#8221;4.17.4&#8243; _module_preset=&#8221;default&#8221; background_enable_image=&#8221;off&#8221; parallax=&#8221;on&#8221; background_enable_pattern_style=&#8221;on&#8221; background_pattern_style=&#8221;smiles&#8221; background_pattern_color=&#8221;rgba(0,0,0,0.02)&#8221; custom_margin=&#8221;0px||0px||true|false&#8221; custom_padding=&#8221;80px||80px||true|false&#8221; global_colors_info=&#8221;{}&#8221;][et_pb_row _builder_version=&#8221;4.17.4&#8243; _module_preset=&#8221;default&#8221; max_width=&#8221;80%&#8221; custom_padding=&#8221;|||0%|false|false&#8221; animation_style=&#8221;fold&#8221; animation_direction=&#8221;left&#8221; border_width_bottom=&#8221;5px&#8221; border_color_bottom=&#8221;#143D3C&#8221; global_colors_info=&#8221;{}&#8221;][et_pb_column type=&#8221;4_4&#8243; _builder_version=&#8221;4.17.4&#8243; _module_preset=&#8221;default&#8221; global_colors_info=&#8221;{}&#8221;][et_pb_text _builder_version=&#8221;4.17.4&#8243; _module_preset=&#8221;default&#8221; header_text_color=&#8221;#00A79F&#8221; header_font_size=&#8221;65px&#8221; header_font_size_tablet=&#8221;65px&#8221; header_font_size_phone=&#8221;60px&#8221; header_font_size_last_edited=&#8221;on|phone&#8221; global_colors_info=&#8221;{}&#8221;]<\/p>\n<h1>CONVENIO DE BERNA PARA PROTECCI\u00d3N DE OBRAS LITERARIAS Y ART\u00cdSTICAS<\/h1>\n<p>[\/et_pb_text][\/et_pb_column][\/et_pb_row][et_pb_row _builder_version=&#8221;4.17.4&#8243; _module_preset=&#8221;default&#8221; max_width=&#8221;80%&#8221; custom_padding=&#8221;60px|||||&#8221; global_colors_info=&#8221;{}&#8221;][et_pb_column type=&#8221;4_4&#8243; _builder_version=&#8221;4.17.4&#8243; _module_preset=&#8221;default&#8221; global_colors_info=&#8221;{}&#8221;][et_pb_text _builder_version=&#8221;4.17.4&#8243; _module_preset=&#8221;default&#8221; text_font=&#8221;Montserrat||||||||&#8221; text_text_color=&#8221;#474747&#8243; text_font_size=&#8221;20px&#8221; text_line_height=&#8221;1.8em&#8221; ol_text_align=&#8221;justify&#8221; ol_font_size=&#8221;18px&#8221; text_orientation=&#8221;justified&#8221; global_colors_info=&#8221;{}&#8221;]<\/p>\n<p><strong>Art. 1.-<\/strong>Constituci\u00f3n de una Unidad.- Los pa\u00edses a los cuales se aplica el presente Convenio est\u00e1n constituidos en Uni\u00f3n para la protecci\u00f3n de los derechos de los autores sobre sus obras literarias y art\u00edsticas.<\/p>\n<p><strong>Art. 9.-<\/strong>Derecho de reproducci\u00f3n: 1. En general; 2. Posibles excepciones; 3. Grabaciones sonoras y visuales:<\/p>\n<p style=\"padding-left: 40px;\">1) Los autores de obras literarias y art\u00edsticas protegidas por el presente Convenio gozar\u00e1n del derecho exclusivo de autorizar la reproducci\u00f3n de sus obras por cualquier procedimiento y bajo cualquier forma.<\/p>\n<p style=\"padding-left: 40px;\">2) Se reserva a las legislaciones de los pa\u00edses de la Uni\u00f3n la facultad de permitir la reproducci\u00f3n de dichas obras en determinados casos especiales, con tal que esa reproducci\u00f3n no atente a la explotaci\u00f3n normal de la obra ni cause un perjuicio injustificado a los intereses leg\u00edtimos del autor.<\/p>\n<p style=\"padding-left: 40px;\">3) Toda grabaci\u00f3n sonora o visual ser\u00e1 considerada como una reproducci\u00f3n en el sentido del presente Convenio.<\/p>\n<p>&nbsp;<\/p>\n<ol>\n<li style=\"list-style-type: none;\">\n<ol><\/ol>\n<\/li>\n<\/ol>\n<p>[\/et_pb_text][\/et_pb_column][\/et_pb_row][\/et_pb_section]<\/p>\n","protected":false},"excerpt":{"rendered":"<p>CONVENIO DE BERNA PARA PROTECCI\u00d3N DE OBRAS LITERARIAS Y ART\u00cdSTICASArt. 1.-Constituci\u00f3n de una Unidad.- Los pa\u00edses a los cuales se aplica el presente Convenio est\u00e1n constituidos en Uni\u00f3n para la protecci\u00f3n de los derechos de los autores sobre sus obras literarias y art\u00edsticas. Art. 9.-Derecho de reproducci\u00f3n: 1. En general; 2. Posibles excepciones; 3. Grabaciones [&hellip;]<\/p>\n","protected":false},"author":1,"featured_media":0,"parent":0,"menu_order":0,"comment_status":"closed","ping_status":"closed","template":"","meta":{"_et_pb_use_builder":"on","_et_pb_old_content":"","_et_gb_content_width":"","footnotes":""},"_links":{"self":[{"href":"https:\/\/colectivoantipirateria.org\/index.php\/wp-json\/wp\/v2\/pages\/327"}],"collection":[{"href":"https:\/\/colectivoantipirateria.org\/index.php\/wp-json\/wp\/v2\/pages"}],"about":[{"href":"https:\/\/colectivoantipirateria.org\/index.php\/wp-json\/wp\/v2\/types\/page"}],"author":[{"embeddable":true,"href":"https:\/\/colectivoantipirateria.org\/index.php\/wp-json\/wp\/v2\/users\/1"}],"replies":[{"embeddable":true,"href":"https:\/\/colectivoantipirateria.org\/index.php\/wp-json\/wp\/v2\/comments?post=327"}],"version-history":[{"count":5,"href":"https:\/\/colectivoantipirateria.org\/index.php\/wp-json\/wp\/v2\/pages\/327\/revisions"}],"predecessor-version":[{"id":428,"href":"https:\/\/colectivoantipirateria.org\/index.php\/wp-json\/wp\/v2\/pages\/327\/revisions\/428"}],"wp:attachment":[{"href":"https:\/\/colectivoantipirateria.org\/index.php\/wp-json\/wp\/v2\/media?parent=327"}],"curies":[{"name":"wp","href":"https:\/\/api.w.org\/{rel}","templated":true}]}}

CONVENIO DE BERNA PARA PROTECCIÓN DE OBRAS LITERARIAS Y ARTÍSTICAS &#8211; PE

<p>[et_pb_section fb_built=&#8221;1&#8243; _builder_version=&#8221;4.17.4&#8243; _module_preset=&#8221;default&#8221; background_enable_image=&#8221;off&#8221; parallax=&#8221;on&#8221; background_enable_pattern_style=&#8221;on&#8221; background_pattern_style=&#8221;smiles&#8221; background_pattern_color=&#8221;rgba(0,0,0,0.02)&#8221; custom_margin=&#8221;0px||0px||true|false&#8221; custom_padding=&#8221;80px||80px||true|false&#8221; global_colors_info=&#8221;{}&#8221;][et_pb_row _builder_version=&#8221;4.17.4&#8243; _module_preset=&#8221;default&#8221; max_width=&#8221;80%&#8221; custom_padding=&#8221;|||0%|false|false&#8221; animation_style=&#8221;fold&#8221; animation_direction=&#8221;left&#8221; border_width_bottom=&#8221;5px&#8221; border_color_bottom=&#8221;#143D3C&#8221; global_colors_info=&#8221;{}&#8221;][et_pb_column type=&#8221;4_4&#8243; _builder_version=&#8221;4.17.4&#8243; _module_preset=&#8221;default&#8221; global_colors_info=&#8221;{}&#8221;][et_pb_text _builder_version=&#8221;4.17.4&#8243; _module_preset=&#8221;default&#8221; header_text_color=&#8221;#00A79F&#8221; header_font_size=&#8221;65px&#8221; header_font_size_tablet=&#8221;65px&#8221; header_font_size_phone=&#8221;60px&#8221; header_font_size_last_edited=&#8221;on|phone&#8221; global_colors_info=&#8221;{}&#8221;]</p>
<h1>CONVENIO DE BERNA PARA PROTECCIÓN DE OBRAS LITERARIAS Y ARTÍSTICAS</h1>
<p>[/et_pb_text][/et_pb_column][/et_pb_row][et_pb_row _builder_version=&#8221;4.17.4&#8243; _module_preset=&#8221;default&#8221; max_width=&#8221;80%&#8221; custom_padding=&#8221;60px|||||&#8221; global_colors_info=&#8221;{}&#8221;][et_pb_column type=&#8221;4_4&#8243; _builder_version=&#8221;4.17.4&#8243; _module_preset=&#8221;default&#8221; global_colors_info=&#8221;{}&#8221;][et_pb_text _builder_version=&#8221;4.17.4&#8243; _module_preset=&#8221;default&#8221; text_font=&#8221;Montserrat||||||||&#8221; text_text_color=&#8221;#474747&#8243; text_font_size=&#8221;20px&#8221; text_line_height=&#8221;1.8em&#8221; ol_text_align=&#8221;justify&#8221; ol_font_size=&#8221;18px&#8221; text_orientation=&#8221;justified&#8221; global_colors_info=&#8221;{}&#8221;]</p>
<p><strong>Art. 1.-</strong>Constitución de una Unidad.- Los países a los cuales se aplica el presente Convenio están constituidos en Unión para la protección de los derechos de los autores sobre sus obras literarias y artísticas.</p>
<p><strong>Art. 9.-</strong>Derecho de reproducción: 1. En general; 2. Posibles excepciones; 3. Grabaciones sonoras y visuales:</p>
<p style="padding-left: 40px;">1) Los autores de obras literarias y artísticas protegidas por el presente Convenio gozarán del derecho exclusivo de autorizar la reproducción de sus obras por cualquier procedimiento y bajo cualquier forma.</p>
<p style="padding-left: 40px;">2) Se reserva a las legislaciones de los países de la Unión la facultad de permitir la reproducción de dichas obras en determinados casos especiales, con tal que esa reproducción no atente a la explotación normal de la obra ni cause un perjuicio injustificado a los intereses legítimos del autor.</p>
<p style="padding-left: 40px;">3) Toda grabación sonora o visual será considerada como una reproducción en el sentido del presente Convenio.</p>
<p>&nbsp;</p>
<ol>
<li style="list-style-type: none;">
<ol></ol>
</li>
</ol>
<p>[/et_pb_text][/et_pb_column][/et_pb_row][/et_pb_section]</p>

<p>CONVENIO DE BERNA PARA PROTECCIÓN DE OBRAS LITERARIAS Y ARTÍSTICASArt. 1.-Constitución de una Unidad.- Los países a los cuales se aplica el presente Convenio están constituidos en Unión para la protección de los derechos de los autores sobre sus obras literarias y artísticas. Art. 9.-Derecho de reproducción: 1. En general; 2. Posibles excepciones; 3. Grabaciones [&hellip;]</p>
