{"id":270,"date":"2025-09-19T20:15:38","date_gmt":"2025-09-19T18:15:38","guid":{"rendered":"https:\/\/colectivoantipirateria.org\/?page_id=270"},"modified":"2025-09-22T23:29:55","modified_gmt":"2025-09-22T21:29:55","slug":"270-2","status":"publish","type":"page","link":"https:\/\/colectivoantipirateria.org\/index.php\/270-2\/","title":{"rendered":"DECISION 486 DE LA COMUNIDAD ANDINA DE NACIONES \u2013 R\u00c9GIMEN COM\u00daN SOBRE PROPIEDAD INDUSTRIAL &#8211; CO"},"content":{"rendered":"<p>[et_pb_section fb_built=&#8221;1&#8243; _builder_version=&#8221;4.17.4&#8243; _module_preset=&#8221;default&#8221; background_enable_image=&#8221;off&#8221; parallax=&#8221;on&#8221; background_enable_pattern_style=&#8221;on&#8221; background_pattern_style=&#8221;smiles&#8221; background_pattern_color=&#8221;rgba(0,0,0,0.02)&#8221; custom_margin=&#8221;0px||0px||true|false&#8221; custom_padding=&#8221;80px||80px||true|false&#8221; global_colors_info=&#8221;{}&#8221;][et_pb_row _builder_version=&#8221;4.17.4&#8243; _module_preset=&#8221;default&#8221; max_width=&#8221;80%&#8221; custom_padding=&#8221;|||0%|false|false&#8221; animation_style=&#8221;fold&#8221; animation_direction=&#8221;left&#8221; border_width_bottom=&#8221;5px&#8221; border_color_bottom=&#8221;#143D3C&#8221; global_colors_info=&#8221;{}&#8221;][et_pb_column type=&#8221;4_4&#8243; _builder_version=&#8221;4.17.4&#8243; _module_preset=&#8221;default&#8221; global_colors_info=&#8221;{}&#8221;][et_pb_text _builder_version=&#8221;4.17.4&#8243; _module_preset=&#8221;default&#8221; header_text_color=&#8221;#00A79F&#8221; header_font_size=&#8221;65px&#8221; custom_padding=&#8221;||0px|||&#8221; header_font_size_tablet=&#8221;65px&#8221; header_font_size_phone=&#8221;60px&#8221; header_font_size_last_edited=&#8221;on|phone&#8221; global_colors_info=&#8221;{}&#8221;]<\/p>\n<h1>DECISI\u00d3N 486 DE LA COMUNIDAD ANDINA DE NACIONES \u2013 R\u00c9GIMEN COM\u00daN SOBRE PROPIEDAD INDUSTRIAL<\/h1>\n<p>[\/et_pb_text][\/et_pb_column][\/et_pb_row][et_pb_row _builder_version=&#8221;4.17.4&#8243; _module_preset=&#8221;default&#8221; max_width=&#8221;80%&#8221; custom_padding=&#8221;60px|||||&#8221; global_colors_info=&#8221;{}&#8221;][et_pb_column type=&#8221;4_4&#8243; _builder_version=&#8221;4.17.4&#8243; _module_preset=&#8221;default&#8221; global_colors_info=&#8221;{}&#8221;][et_pb_text _builder_version=&#8221;4.17.4&#8243; _module_preset=&#8221;default&#8221; text_font=&#8221;Montserrat||||||||&#8221; text_text_color=&#8221;#474747&#8243; text_font_size=&#8221;20px&#8221; text_line_height=&#8221;1.8em&#8221; ol_text_align=&#8221;justify&#8221; ol_font_size=&#8221;18px&#8221; text_orientation=&#8221;justified&#8221; global_colors_info=&#8221;{}&#8221;]<\/p>\n<p><strong>Art\u00edculo 1.-<\/strong> Con respecto a la protecci\u00f3n de la propiedad industrial, cada Pa\u00eds Miembro conceder\u00e1 a los nacionales de los dem\u00e1s miembros de la Comunidad Andina, de la Organizaci\u00f3n Mundial del Comercio y del Convenio de Par\u00eds para la Protecci\u00f3n de la Propiedad Industrial, un trato no menos favorable que el que otorgue a sus propios nacionales, a reserva de lo previsto en los art\u00edculos 3 y 5 del Acuerdo sobre los Aspectos de los Derechos de Propiedad Intelectual relacionados con el Comercio (ADPIC), y en el art\u00edculo 2 del Convenio de Par\u00eds para la Protecci\u00f3n de la Propiedad Industrial.<\/p>\n<p><strong>Art\u00edculo 155.-<\/strong> El registro de una marca confiere a su titular el derecho de impedir a cualquier tercero realizar, sin su consentimiento, los siguientes actos:<\/p>\n<p style=\"padding-left: 40px;\">1. Aplicar o colocar la marca o un signo distintivo id\u00e9ntico o semejante sobre productos para los cuales se ha registrado la marca; sobre productos vinculados a los servicios para los cuales \u00e9sta se ha registrado; o sobre los envases, envolturas, embalajes o acondicionamientos de tales productos;<\/p>\n<p style=\"padding-left: 40px;\">2. Suprimir o modificar la marca con fines comerciales, despu\u00e9s de que se hubiese aplicado o colocado sobre los productos para los cuales se ha registrado la marca; sobre los productos vinculados a los servicios para los cuales \u00e9sta se ha registrado; o sobre los envases, envolturas, embalajes o acondicionamientos de tales productos;<\/p>\n<p style=\"padding-left: 40px;\">3. Fabricar etiquetas, envases, envolturas, embalajes u otros materiales que reproduzcan o contengan la marca, as\u00ed como comercializar o detentar tales materiales;<\/p>\n<p style=\"padding-left: 40px;\">4. Usar en el comercio un signo id\u00e9ntico o similar a la marca respecto de cualesquiera productos o servicios, cuando tal uso pudiese causar confusi\u00f3n o un riesgo de asociaci\u00f3n con el titular del registro. Trat\u00e1ndose del uso de un signo id\u00e9ntico para productos o servicios id\u00e9nticos se presumir\u00e1 que existe riesgo de confusi\u00f3n;<\/p>\n<p style=\"padding-left: 40px;\">5. Usar en el comercio un signo id\u00e9ntico o similar a una marca notoriamente conocida respecto de cualesquiera productos o servicios, cuando ello pudiese causar al titular del registro un da\u00f1o econ\u00f3mico o comercial injusto por raz\u00f3n de una diluci\u00f3n de la fuerza distintiva o del valor comercial o publicitario de la marca, o por raz\u00f3n de un aprovechamiento injusto del prestigio de la marca o de su titular;<\/p>\n<p style=\"padding-left: 40px;\">6. Usar p\u00fablicamente un signo id\u00e9ntico o similar a una marca notoriamente conocida, aun para fines no comerciales, cuando ello pudiese causar una diluci\u00f3n de la fuerza distintiva o del valor comercial o publicitario de la marca, o un aprovechamiento injusto de su prestigio.<\/p>\n<ol>\n<li style=\"list-style-type: none;\">\n<ol><\/ol>\n<\/li>\n<\/ol>\n<p>&nbsp;<\/p>\n<p>[\/et_pb_text][\/et_pb_column][\/et_pb_row][\/et_pb_section]<\/p>\n","protected":false},"excerpt":{"rendered":"<p>DECISI\u00d3N 486 DE LA COMUNIDAD ANDINA DE NACIONES \u2013 R\u00c9GIMEN COM\u00daN SOBRE PROPIEDAD INDUSTRIALArt\u00edculo 1.- Con respecto a la protecci\u00f3n de la propiedad industrial, cada Pa\u00eds Miembro conceder\u00e1 a los nacionales de los dem\u00e1s miembros de la Comunidad Andina, de la Organizaci\u00f3n Mundial del Comercio y del Convenio de Par\u00eds para la Protecci\u00f3n de la [&hellip;]<\/p>\n","protected":false},"author":1,"featured_media":0,"parent":0,"menu_order":0,"comment_status":"closed","ping_status":"closed","template":"","meta":{"_et_pb_use_builder":"on","_et_pb_old_content":"","_et_gb_content_width":"","footnotes":""},"_links":{"self":[{"href":"https:\/\/colectivoantipirateria.org\/index.php\/wp-json\/wp\/v2\/pages\/270"}],"collection":[{"href":"https:\/\/colectivoantipirateria.org\/index.php\/wp-json\/wp\/v2\/pages"}],"about":[{"href":"https:\/\/colectivoantipirateria.org\/index.php\/wp-json\/wp\/v2\/types\/page"}],"author":[{"embeddable":true,"href":"https:\/\/colectivoantipirateria.org\/index.php\/wp-json\/wp\/v2\/users\/1"}],"replies":[{"embeddable":true,"href":"https:\/\/colectivoantipirateria.org\/index.php\/wp-json\/wp\/v2\/comments?post=270"}],"version-history":[{"count":6,"href":"https:\/\/colectivoantipirateria.org\/index.php\/wp-json\/wp\/v2\/pages\/270\/revisions"}],"predecessor-version":[{"id":454,"href":"https:\/\/colectivoantipirateria.org\/index.php\/wp-json\/wp\/v2\/pages\/270\/revisions\/454"}],"wp:attachment":[{"href":"https:\/\/colectivoantipirateria.org\/index.php\/wp-json\/wp\/v2\/media?parent=270"}],"curies":[{"name":"wp","href":"https:\/\/api.w.org\/{rel}","templated":true}]}}

DECISION 486 DE LA COMUNIDAD ANDINA DE NACIONES – RÉGIMEN COMÚN SOBRE PROPIEDAD INDUSTRIAL &#8211; CO

<p>[et_pb_section fb_built=&#8221;1&#8243; _builder_version=&#8221;4.17.4&#8243; _module_preset=&#8221;default&#8221; background_enable_image=&#8221;off&#8221; parallax=&#8221;on&#8221; background_enable_pattern_style=&#8221;on&#8221; background_pattern_style=&#8221;smiles&#8221; background_pattern_color=&#8221;rgba(0,0,0,0.02)&#8221; custom_margin=&#8221;0px||0px||true|false&#8221; custom_padding=&#8221;80px||80px||true|false&#8221; global_colors_info=&#8221;{}&#8221;][et_pb_row _builder_version=&#8221;4.17.4&#8243; _module_preset=&#8221;default&#8221; max_width=&#8221;80%&#8221; custom_padding=&#8221;|||0%|false|false&#8221; animation_style=&#8221;fold&#8221; animation_direction=&#8221;left&#8221; border_width_bottom=&#8221;5px&#8221; border_color_bottom=&#8221;#143D3C&#8221; global_colors_info=&#8221;{}&#8221;][et_pb_column type=&#8221;4_4&#8243; _builder_version=&#8221;4.17.4&#8243; _module_preset=&#8221;default&#8221; global_colors_info=&#8221;{}&#8221;][et_pb_text _builder_version=&#8221;4.17.4&#8243; _module_preset=&#8221;default&#8221; header_text_color=&#8221;#00A79F&#8221; header_font_size=&#8221;65px&#8221; custom_padding=&#8221;||0px|||&#8221; header_font_size_tablet=&#8221;65px&#8221; header_font_size_phone=&#8221;60px&#8221; header_font_size_last_edited=&#8221;on|phone&#8221; global_colors_info=&#8221;{}&#8221;]</p>
<h1>DECISIÓN 486 DE LA COMUNIDAD ANDINA DE NACIONES – RÉGIMEN COMÚN SOBRE PROPIEDAD INDUSTRIAL</h1>
<p>[/et_pb_text][/et_pb_column][/et_pb_row][et_pb_row _builder_version=&#8221;4.17.4&#8243; _module_preset=&#8221;default&#8221; max_width=&#8221;80%&#8221; custom_padding=&#8221;60px|||||&#8221; global_colors_info=&#8221;{}&#8221;][et_pb_column type=&#8221;4_4&#8243; _builder_version=&#8221;4.17.4&#8243; _module_preset=&#8221;default&#8221; global_colors_info=&#8221;{}&#8221;][et_pb_text _builder_version=&#8221;4.17.4&#8243; _module_preset=&#8221;default&#8221; text_font=&#8221;Montserrat||||||||&#8221; text_text_color=&#8221;#474747&#8243; text_font_size=&#8221;20px&#8221; text_line_height=&#8221;1.8em&#8221; ol_text_align=&#8221;justify&#8221; ol_font_size=&#8221;18px&#8221; text_orientation=&#8221;justified&#8221; global_colors_info=&#8221;{}&#8221;]</p>
<p><strong>Artículo 1.-</strong> Con respecto a la protección de la propiedad industrial, cada País Miembro concederá a los nacionales de los demás miembros de la Comunidad Andina, de la Organización Mundial del Comercio y del Convenio de París para la Protección de la Propiedad Industrial, un trato no menos favorable que el que otorgue a sus propios nacionales, a reserva de lo previsto en los artículos 3 y 5 del Acuerdo sobre los Aspectos de los Derechos de Propiedad Intelectual relacionados con el Comercio (ADPIC), y en el artículo 2 del Convenio de París para la Protección de la Propiedad Industrial.</p>
<p><strong>Artículo 155.-</strong> El registro de una marca confiere a su titular el derecho de impedir a cualquier tercero realizar, sin su consentimiento, los siguientes actos:</p>
<p style="padding-left: 40px;">1. Aplicar o colocar la marca o un signo distintivo idéntico o semejante sobre productos para los cuales se ha registrado la marca; sobre productos vinculados a los servicios para los cuales ésta se ha registrado; o sobre los envases, envolturas, embalajes o acondicionamientos de tales productos;</p>
<p style="padding-left: 40px;">2. Suprimir o modificar la marca con fines comerciales, después de que se hubiese aplicado o colocado sobre los productos para los cuales se ha registrado la marca; sobre los productos vinculados a los servicios para los cuales ésta se ha registrado; o sobre los envases, envolturas, embalajes o acondicionamientos de tales productos;</p>
<p style="padding-left: 40px;">3. Fabricar etiquetas, envases, envolturas, embalajes u otros materiales que reproduzcan o contengan la marca, así como comercializar o detentar tales materiales;</p>
<p style="padding-left: 40px;">4. Usar en el comercio un signo idéntico o similar a la marca respecto de cualesquiera productos o servicios, cuando tal uso pudiese causar confusión o un riesgo de asociación con el titular del registro. Tratándose del uso de un signo idéntico para productos o servicios idénticos se presumirá que existe riesgo de confusión;</p>
<p style="padding-left: 40px;">5. Usar en el comercio un signo idéntico o similar a una marca notoriamente conocida respecto de cualesquiera productos o servicios, cuando ello pudiese causar al titular del registro un daño económico o comercial injusto por razón de una dilución de la fuerza distintiva o del valor comercial o publicitario de la marca, o por razón de un aprovechamiento injusto del prestigio de la marca o de su titular;</p>
<p style="padding-left: 40px;">6. Usar públicamente un signo idéntico o similar a una marca notoriamente conocida, aun para fines no comerciales, cuando ello pudiese causar una dilución de la fuerza distintiva o del valor comercial o publicitario de la marca, o un aprovechamiento injusto de su prestigio.</p>
<ol>
<li style="list-style-type: none;">
<ol></ol>
</li>
</ol>
<p>&nbsp;</p>
<p>[/et_pb_text][/et_pb_column][/et_pb_row][/et_pb_section]</p>

<p>DECISIÓN 486 DE LA COMUNIDAD ANDINA DE NACIONES – RÉGIMEN COMÚN SOBRE PROPIEDAD INDUSTRIALArtículo 1.- Con respecto a la protección de la propiedad industrial, cada País Miembro concederá a los nacionales de los demás miembros de la Comunidad Andina, de la Organización Mundial del Comercio y del Convenio de París para la Protección de la [&hellip;]</p>
